6. Is v a composite number?
False
Suppose -3*c + 0*c = 2*b - 901, b + 307 = c. Is c composite?
True
Suppose 0 = 4*x - 8*x + 12. Suppose 2*v = a - x, 2*a - v - 3 = -0*a. Is a/(-2 + (-78)/(-38)) prime?
True
Is 1 + (1434 - -1) + 40/8 a composite number?
True
Suppose 16*x - 40 = 6*x. Suppose 0 = 4*t - l - 3457 + 652, -x*l = -2*t + 1406. Is t a composite number?
False
Suppose -5 = 2*c - 5*n - 4, -2 = -2*c + 2*n. Suppose 0 = -3*w + 352 + 677. Suppose -w = -c*b + 439. Is b composite?
True
Suppose -p + 314 = -4*v + 43, 0 = -4*p + 2*v + 1014. Is p a prime number?
True
Suppose -63*g + 285121 = -74798. Is g a composite number?
True
Suppose -168769 = -4*z - x, -5*z = 8*x - 5*x - 210970. Is z a composite number?
True
Let l = 16455 - 2312. Is l prime?
True
Let s = 28 + 0. Suppose -2*j = 2*v + s, 22 = -v + j + 2. Let w = v + 31. Is w prime?
False
Suppose 2*s - 23110 = -3*s. Suppose 2*q - s = -5*t, 11601 = 5*q - 2*t + 3*t. Suppose 1369 = c + 2*u, -3131 - q = -4*c - 2*u. Is c prime?
True
Let i(r) = -481*r**2 - r + 1. Let u be i(1). Let d = -146 - u. Is d prime?
False
Let h = 26172 - 11879. Is h a prime number?
True
Suppose 8*x + 3060 = 3*x. Let l = x - -915. Is l a composite number?
True
Let m = -7033 - -52110. Is m a prime number?
True
Is (-16)/40 - 121496/(-40) composite?
False
Let y = -9 - -6. Suppose -2*z + 2*u + 12 = 0, -2*z = 3*u + 14 - 1. Is (-1)/(z/633*y) composite?
False
Suppose 3*r = 2*r - 5*u + 2389, 4*u = 2*r - 4778. Is r composite?
False
Suppose 17*t - 18*t = 495. Let d = -284 - t. Is d a composite number?
False
Let m(r) = 241*r + 16. Let v be m(4). Suppose g - v - 213 = 0. Is g composite?
False
Let k = -32 - -46. Let m be 654/(-42) + 8/k. Is ((-1310)/m)/((-4)/(-6)) composite?
False
Let l be (-952)/35*(-50)/4. Suppose -u + 4*m = m - l, -5*u = -m - 1686. Is u composite?
False
Let t(s) = 7214*s**3 - 3*s + 3. Is t(2) a composite number?
False
Let c(i) = -3*i**2 - 8*i - 4. Let s be c(-3). Let z(k) = 4*k**2 + 3*k + 10. Let f be z(s). Suppose -o = 4*o - f. Is o a composite number?
False
Let u(x) = 2*x**2 - 8*x - 4. Let f be u(6). Let r = 4 - 12. Is r/2*(-385)/f prime?
False
Suppose 0 = -i, 5*w - 15188 - 18207 = i. Is w composite?
False
Let q(u) = 3 + u - 4*u**2 + 0*u**2 + 12*u**2 - 7. Let a be -5 - 2*(-3 + 2). Is q(a) prime?
False
Suppose 3*v + 4*j = 37803, 4*j - 63005 = -5*v - 0*j. Is v composite?
False
Suppose -2*u + 2*x = u - 26993, 5*u - 44980 = -5*x. Is u a prime number?
False
Suppose -3114 = -5*a + 4*t + 241, -3*t = -4*a + 2684. Let k = 94 - 18. Suppose -k = 5*s - a. Is s prime?
False
Let p = -29 - 49. Let j(c) = -21*c - 16. Let a be j(7). Let d = p - a. Is d prime?
False
Let w(a) = -57*a**2 - 3*a. Let x be w(-2). Let l = x - -58. Let g = l - -535. Is g a composite number?
True
Suppose i - 3*i + 6 = 0. Suppose 0 = p + 4 - 5, 2*q + i*p = 1621. Is q a prime number?
True
Suppose 3*x = 2*d - 21763, 0 = 8*d - 4*d + 3*x - 43499. Is d a prime number?
False
Suppose 4*k - 126975 = -5*r, -9*k + 15 = -6*k. Is r composite?
False
Let u be 0 + 267 - (-2 + 2). Suppose u + 1770 = 3*z. Is z a prime number?
False
Suppose -2*h = -13*h + 43549. Is h a composite number?
True
Let a be ((-1)/(-3))/(1/(-6)). Is (a/5)/(2/(-3415)) a prime number?
True
Suppose y = 5*q - 231, -5*y + 45 = q - 4*y. Suppose 0 = 2*d - q - 468. Is d a prime number?
True
Let v(o) = -o**3 - 2*o**2 + 6*o. Suppose 2*j = q + 4*q + 40, -q - 3*j + 9 = 0. Let w be v(q). Let p = 173 - w. Is p a composite number?
True
Let o = -11 - -11. Suppose o - 8 = -4*n. Suppose -3*s = n*w - 602, 3*w - 8*w = 3*s - 1523. Is w composite?
False
Let d = 36 + -26. Is (d/6)/((-3)/(-603)) a prime number?
False
Let a = -27 - -238. Is a prime?
True
Suppose d - 257 = h + 497, -752 = -d + 3*h. Suppose -d = -3*f - 2*r + r, -3*r - 998 = -4*f. Is f prime?
True
Let i be 4 - 1*-10 - 0. Let h = 267 - i. Is h a composite number?
True
Let a = 1861 + -1320. Is a composite?
False
Suppose 3 = -3*s - 3. Let w be s - -7*(-2 + 3). Suppose d + 340 = w*y - 2*d, 5*d = -5*y + 380. Is y composite?
False
Let v be -16 - 7/(21/(-12)). Let d be ((-2286)/v)/(1/(-2)). Is 4/(24/d)*-2 a composite number?
False
Suppose -2*x = -l - 13, 3*x = -x + 12. Is 787 - ((-2)/l + (-32)/14) composite?
True
Let c = -1370 + 3873. Let i(t) = -3*t**2 + 45*t - 39. Let p be i(14). Suppose -3*r + 6*r - n - 3758 = 0, 2*r - c = p*n. Is r a composite number?
True
Let r(u) = -u + 1. Let z(l) = 2*l + 8. Let a(p) = 2*r(p) - z(p). Suppose 9*w + 50 = 5. Is a(w) a prime number?
False
Is (573/12)/(8 + 3801/(-476)) a prime number?
False
Suppose -8*q + 69 = -5*q. Let c = 16 + q. Let j = 152 - c. Is j prime?
True
Let u = -55 + 48. Let v = 96 - u. Is v composite?
False
Is ((-17)/(-34))/(1/7814) composite?
False
Let k = 388 + -254. Let u be 6*(27/30 - 4/10). Suppose t = 2*g + 323, u*t + 4*g - k = 865. Is t a prime number?
False
Let o = 49900 + -30795. Is o a prime number?
False
Let a be 2/14 - 111/(-7). Is -1671*(-3 + a/6)*2 a prime number?
False
Suppose 0 - 4 = -2*w. Suppose 5*r - 37 = 3*p, -2*r + 5*p + 40 = w*r. Let x(n) = 12*n - 11. Is x(r) composite?
True
Let z(q) = -550*q + 23. Let u be z(-7). Suppose 0 = 4*m - 2*m + 2*n - 7734, u = m + 4*n. Is m composite?
True
Let t = -28534 - -47265. Is t a composite number?
False
Let s = 3402 + -2301. Is s a prime number?
False
Suppose -2*u = -5*d - 82891, 2*d - 3 = -5. Is u a composite number?
False
Suppose -5*a + 5*p = 4*p - 2446, 5*a - 2448 = 3*p. Is a composite?
True
Let i(x) = -2*x**2 - 39*x - 16. Let n be i(-19). Suppose b - 3508 = -n*b. Is b composite?
False
Let t(j) = 32947*j + 4. Is t(1) a composite number?
True
Suppose -4*s + i + 25 = 0, 2*i - 40 = -3*s + 7*i. Suppose -2*k - 81 = -s*f, 4*k = 6*f - 4*f - 42. Is f a prime number?
False
Suppose 0 = 3*y + 3*j - 8*j + 4, 2*y + 4 = 4*j. Suppose -49 = y*a + 33. Let k = a - -154. Is k a prime number?
True
Let h be 588/63 - (-4)/6. Suppose h*k = 13*k - 18. Is k prime?
False
Let h = 708 - 415. Is h a prime number?
True
Suppose 62*b - 55*b = 70049. Is b composite?
False
Let u(j) = 71*j - 10. Suppose -2*n = 2*c - 10, -7 = -3*c - 0*c - 5*n. Is u(c) composite?
True
Let z(b) = -374*b - 3. Suppose 4*d - 8*l + 3*l = 7, -5*d = -5*l - 5. Is z(d) a composite number?
True
Suppose -4*t - 20 = 0, -3*t + 2231 = 2*v - 0*t. Is v a prime number?
True
Suppose p = 1443 - 376. Is p a composite number?
True
Suppose 2*w - 6 = 8. Let a(q) = 316*q + 31. Is a(w) prime?
True
Suppose -17*w - 93705 = -32*w. Is w a prime number?
True
Let w(r) = 442*r + 51. Is w(4) prime?
False
Let o be 4*(-3 + 182/(-4)). Let i = o + 1357. Is i a prime number?
True
Let q be 0 + 17 - (1 + 0). Let d = q - 11. Suppose 0 = -d*r + 594 - 124. Is r prime?
False
Suppose 2*a + z = -2, 0*z + 2*z = 3*a + 3. Let s(u) = 81*u**2 - 2. Is s(a) a prime number?
True
Suppose 633253 = 24*z + 41437. Is z a composite number?
False
Suppose a + 4*a + b = 14, -22 = -5*a - 3*b. Let g(v) = -2645*v**3 - 2*v**2 + 17*v + 18. Let o be g(-1). Suppose 6 - o = -a*c. Is c prime?
True
Let n(i) be the first derivative of 15*i**3/2 - 4*i**2 - i + 5. Let s(y) be the first derivative of n(y). Is s(7) a composite number?
False
Let r(k) = -k. Let i be r(3). Let v = i + -1. Is 2388/(-8)*v/6 a composite number?
False
Suppose -5*s - 89*c + 92912 = -88*c, 4*s - 74347 = 5*c. Is s prime?
True
Let s = -51 + 51. Suppose -4*h + 902 = 2*j, s*h = 4*h - 4*j - 872. Is h a prime number?
True
Suppose 132*i = 127*i + 14215. Is i prime?
True
Let g(j) = 12 + 5*j**2 + 9 + 10 - j**2 - 21*j. Is g(16) a composite number?
False
Let l = -2251 + 1255. Let j = -555 - l. Suppose -3*m - 2*b + j = b, 0 = -m + 5*b + 123. Is m composite?
True
Let s = -8595 - -15494. Is s prime?
True
Let n be 50/18 + (-10)/(-45). Suppose 12 = -n*u - 0, 4*l - u - 1800 = 0. Is l a composite number?
False
Let z(x) = -x**2 + 10*x - 21. Let g be z(6). Suppose 622 = o + 3*o + g*f, 4*o - f = 630. Is o composite?
False
Let s(h) = -h**3 + 11*h**2 - 34*h + 29. Is s(-11) a composite number?
True
Let l(v) = -3 + 0*v**2 + 0 + 31*v**2 - 3*v. Suppose -5*h - 2 - 8 = 0. Is l(h) a composite number?
False
Let w(t) = 49*t - 4. Suppose 4*f = f - 12. Let h be w(f). Let i = h - -391. Is i a prime number?
True
Suppose 3*t + 9 = 2*t - r, -5*r = -3*t + 13. Let i(v) = 12*v**2 - 6*v - 2. Let p be i(t). Suppose p = 8*l - 7*l. Is l a prime number?
False
Let q